and 17.
17
Suppose -v + 1 + 67 = 2*d, 5*v - d = 362. Calculate the highest common factor of 54 and v.
18
Let j be (-4)/18 - (137/(-9))/1. Let u be (-200)/j*(-60)/16. Calculate the highest common divisor of u and 125.
25
Let n = -115 + 151. What is the highest common divisor of 117 and n?
9
Let b = 489 + -258. Calculate the greatest common factor of b and 21.
21
Let f be (0 - 2) + 8 + -2. Suppose -10 = -f*b + 18. Suppose -3*i = 4*g - b, 1 = -i + 2*g - 0. Calculate the greatest common divisor of 3 and i.
1
Let d be (-2)/(-8)*-2 - (-125)/50. Calculate the highest common divisor of 58 and d.
2
Suppose 0 = -h - s + 10, -2*h + 19 = 5*s - 1. What is the highest common divisor of 215 and h?
5
Let t = 5 + -7. Let a be (5 + t)*(-510)/(-18). Calculate the greatest common divisor of 17 and a.
17
Let b = 29 + 73. Calculate the highest common factor of 255 and b.
51
Suppose -421 - 708 = -5*n - k, 0 = -n + k + 221. Calculate the greatest common factor of 18 and n.
9
Let y be (-2 - -421)/(-1 + 2). Let o = -283 + y. What is the highest common factor of o and 34?
34
Let z be -45*(-2)/6*(-1 - -2). Suppose -5*b - 9 = -2*b. Let u be (-2)/b*(-6 - -21). What is the highest common divisor of u and z?
5
Let o = 1449 + 231. What is the highest common factor of 16 and o?
16
Let c(g) = -g**3 + 12*g. Let o be c(-4). What is the highest common factor of o and 256?
16
Let p = 5396 - 2318. Calculate the highest common divisor of 81 and p.
81
Suppose 5*j + 127 - 387 = 0. Let d be 2 - (-1 - -1 - 1 - 351). Let n = d - 224. Calculate the greatest common divisor of j and n.
26
Let o be (-67)/3 + 2/6. Let g be -1 - (o - 0)/2. Let d = -943 + 993. What is the highest common factor of d and g?
10
Let b(l) = -11*l**2 + 8*l - 5. Let o(y) = 4*y**2 - 3*y + 2. Let s(i) = -3*b(i) - 8*o(i). Let a be s(-4). What is the greatest common divisor of 5 and a?
5
Let p be -17 + 14 + 30 + -1. What is the highest common factor of 286 and p?
26
Suppose 0*h - 3*h = q - 91, 0 = -2*q - 3*h + 170. Calculate the greatest common factor of 158 and q.
79
Let t = 10 + -12. Let v be t/(-15) - 596/(-30). Suppose 17 + 3 = 5*i. What is the highest common divisor of i and v?
4
Let w(i) = -6*i**3 - 2*i - 2. Let b be w(-1). Suppose -5*n = -4*n - b. Calculate the highest common divisor of n and 66.
6
Let k(x) = -2*x + 75. Let l be k(12). What is the highest common divisor of 153 and l?
51
Let m = 350 - 339. Calculate the greatest common factor of m and 121.
11
Let o(l) be the third derivative of 0*l + 0*l**4 + 0 + 7/6*l**3 + 1/60*l**5 + 3*l**2. Let u be o(5). Calculate the highest common divisor of 48 and u.
16
Suppose 2337 = -3*p + 2685. Calculate the highest common factor of 754 and p.
58
Let p(f) = 4*f + 6. Let z be p(-1). Suppose 13 + 7 = z*u. Calculate the greatest common divisor of 25 and u.
5
Let w be (-2 - 30/(-9))*-18. Let q be (-30)/w - 2/8. Let u be 18/(-9)*(q + -2). What is the greatest common factor of 6 and u?
2
Let c = 231 - 225. Let n(j) = 10*j + 6. Let v be n(6). What is the highest common factor of v and c?
6
Let l(f) = -2*f + 3. Let r be l(-3). Let d(o) = o + 11. Let t be d(10). Suppose -4*j - 3*j = -t. What is the highest common divisor of j and r?
3
Let r(h) = -2*h**2 + 97*h - 38. Let d be r(48). Let c be (-346)/(-14) + 4/14. What is the greatest common divisor of c and d?
5
Let i = 103 + -103. Suppose -6*g + 2*g + 96 = i. What is the greatest common factor of g and 60?
12
Suppose 2*b - 49 = -39. Suppose b = -0*l - 5*l, -2*l - 62 = -4*s. What is the greatest common divisor of 120 and s?
15
Suppose -230 = 17*r - 40*r. Let t be 4/6*(25 - -5). Calculate the greatest common divisor of r and t.
10
Let z = -1532 - -1651. What is the highest common divisor of 17 and z?
17
Let w(j) = -j**3 + 5*j**2 - 6*j + 6. Let o be w(4). Let t be (8/5)/o*10. Let i be 42/t*(3 - 11). Calculate the greatest common divisor of i and 6.
6
Let i = -207 - -295. Suppose -3*g + i = 28. Calculate the highest common divisor of g and 30.
10
Let q = 304 - 106. Let r be 4/(-6) + 134/3. Suppose 2*j - r = -0*j. Calculate the highest common factor of j and q.
22
Let x(v) = 2*v**2 - 15*v + 18. Let c be x(12). Let r be (-92)/(-9) + (-28)/c. Calculate the highest common divisor of r and 5.
5
Let c be 1/(-10 + 3) - 1770/(-42). What is the greatest common factor of c and 154?
14
Let h = -371 + 456. Calculate the highest common divisor of 136 and h.
17
Let f = 314 - 294. Calculate the greatest common factor of f and 45.
5
Let h(o) = 1578*o**2 - 11*o - 12. Let u be h(-1). Calculate the greatest common factor of u and 19.
19
Suppose 0 = -31*u - 3580 + 10400. Calculate the greatest common divisor of u and 121.
11
Suppose -215 = -3*q + 226. What is the greatest common factor of q and 21?
21
Let c be (39/(-9) + 4)*(-2 + -1). Let d(i) = 17*i**2 + 2*i - 3. Let m be d(c). What is the greatest common divisor of m and 208?
16
Suppose 5*a - 3*m - 33 = 0, 4*m - 18 = -5*a + 43. Calculate the greatest common divisor of 15 and a.
3
Let d(g) = g**2 + 25*g + 14. Let i be d(-25). Let f = 243 + -117. What is the greatest common factor of i and f?
14
Let o be (-648)/(-540)*(1 + 94). Calculate the highest common divisor of 12 and o.
6
Suppose 3*t - 5*b - 46 = 0, 2*t + 11 + 0 = -5*b. Let w be (-2)/(-8) + (-37)/4. Let o = t - w. Calculate the greatest common divisor of o and 144.
16
Let w(n) = 22*n + 135. Let l be w(-6). What is the greatest common divisor of 3 and l?
3
Suppose 0*d = 4*d + 36. Let x(r) = -r**3 - 8*r**2 + 3*r + 9. Let m be x(d). Calculate the greatest common divisor of 84 and m.
21
Suppose 0 = 2369*a - 2348*a - 5292. Calculate the greatest common factor of a and 56.
28
Suppose 3*t - 13 = -q - 1, 25 = -5*q + 2*t. Let n(j) = -52*j + 3. Let i be n(q). Let w = i + -63. What is the highest common factor of w and 12?
12
Suppose 0 = -3*l - 3*v + 30, 4*l + l - 34 = -v. Let c = l + 12. Let r = -12 - -18. What is the greatest common factor of r and c?
6
Suppose -6*k + 11*k - 210 = 0. Calculate the greatest common factor of 28 and k.
14
Suppose 0 = 11*p + 476 - 2159. Calculate the greatest common factor of p and 34.
17
Let c(z) be the second derivative of z**3/6 + 3*z**2 + 11*z. Let x be c(-2). Calculate the greatest common divisor of 36 and x.
4
Suppose -948 = -3*j + 3*p, -11*j + 3*p + 1323 = -2193. Calculate the greatest common divisor of j and 3.
3
Let j be 10/(-3)*(-162)/(-45). Suppose -4*h + 8 = -4. Let c be j/(h/(-2) + 0). Calculate the greatest common factor of c and 56.
8
Suppose 3*m - 2136 = -5*w, -3*w + 950 = -2*m - 324. Calculate the highest common divisor of 12 and w.
6
Let p be (-204)/(-2 + 0) - 2. Suppose -3*q - 2*q + d = -295, 4*d + 136 = 2*q. Let r = -38 + q. What is the highest common divisor of p and r?
20
Let x be (6/(-9))/(2/3). Let c = 13 + x. Let v = -142 + 226. What is the highest common divisor of c and v?
12
Suppose -4*h + 57 = -27. Suppose q = -0*q + h. Calculate the highest common factor of 231 and q.
21
Let v(b) = -27 + 24*b + 30 - 69. Let z be v(5). Calculate the greatest common factor of 18 and z.
18
Let l(i) be the third derivative of i**4/12 + 3*i**3/2 - 89*i**2. Let o be (-1 + -1)/(4/(-6)). Let w be l(o). Calculate the highest common divisor of w and 135.
15
Let f = -11 + 48. What is the highest common divisor of f and 3?
1
Suppose 0*d = -2*d + 138. Let x = -15 - -21. Suppose -4*k = -0*k + 3*z - 98, -3*z + x = 0. What is the greatest common factor of k and d?
23
Let t be (-1)/(-2) - (-729)/18. Let h = -33 + t. What is the greatest common factor of h and 88?
8
Let i(j) = 98*j**3 + 8*j**2 - 21*j + 1. Let f be i(2). Calculate the greatest common factor of 50 and f.
25
Suppose -2*i - 7 = -3*i. Suppose 5 = -5*o, 0 = 5*p + 2*o - i - 1. Suppose 0 = p*w + w - 51. Calculate the highest common factor of 34 and w.
17
Let u(h) = -28*h - 196. Let w be u(-18). Calculate the highest common factor of 88 and w.
44
Suppose -1936 = 11*l - 55*l. What is the highest common divisor of l and 418?
22
Let x be -3 - (3 - (7 - 1)). Suppose 4*f + 3*h = x, -4*f + f - 3*h = 3. What is the highest common factor of 3 and f?
3
Let n = 78 + 26. Let t(l) = -1 + 63*l**2 + n*l**2 + 187*l**2 - l - 68*l**2. Let o be t(-1). What is the greatest common divisor of 26 and o?
26
Suppose -4*k - 21*k + 50 = 0. Calculate the greatest common factor of 62 and k.
2
Suppos